{"id":770,"date":"2025-11-11T22:04:21","date_gmt":"2025-11-11T21:04:21","guid":{"rendered":"https:\/\/opera.3fa.info\/?page_id=770"},"modified":"2025-11-11T22:05:42","modified_gmt":"2025-11-11T21:05:42","slug":"vita-2","status":"publish","type":"page","link":"https:\/\/darleneanndobisch.com\/en\/vita-2\/","title":{"rendered":"Vita II"},"content":{"rendered":"<div data-elementor-type=\"wp-page\" data-elementor-id=\"770\" class=\"elementor elementor-770\" data-elementor-post-type=\"page\">\n\t\t\t\t<div class=\"elementor-element elementor-element-6a3e8f3 e-flex e-con-boxed e-con e-parent\" data-id=\"6a3e8f3\" data-element_type=\"container\" data-e-type=\"container\">\n\t\t\t\t\t<div class=\"e-con-inner\">\n\t\t<div class=\"elementor-element elementor-element-2d1a011 e-con-full e-flex e-con e-child\" data-id=\"2d1a011\" data-element_type=\"container\" data-e-type=\"container\">\n\t\t\t\t<div class=\"elementor-element elementor-element-398801b elementor-widget elementor-widget-shortcode\" data-id=\"398801b\" data-element_type=\"widget\" data-e-type=\"widget\" data-widget_type=\"shortcode.default\">\n\t\t\t\t\t\t\t<div class=\"elementor-shortcode\">\t\t<div data-elementor-type=\"container\" data-elementor-id=\"214\" class=\"elementor elementor-214\" data-elementor-post-type=\"elementor_library\">\n\t\t\t\t<div class=\"elementor-element elementor-element-32e890b5 e-con-full e-flex e-con e-parent\" data-id=\"32e890b5\" data-element_type=\"container\" data-e-type=\"container\">\n\t\t\t\t<\/div>\n\t\t\t\t<\/div>\n\t\t<\/div>\n\t\t\t\t\t\t<\/div>\n\t\t\t\t<\/div>\n\t\t\t\t\t<\/div>\n\t\t\t\t<\/div>\n\t\t<div class=\"elementor-element elementor-element-6f948c72 ub-section e-flex e-con-boxed e-con e-parent\" data-id=\"6f948c72\" data-element_type=\"container\" data-e-type=\"container\">\n\t\t\t\t\t<div class=\"e-con-inner\">\n\t\t<div class=\"elementor-element elementor-element-f89c5e1 e-con-full e-flex e-con e-child\" data-id=\"f89c5e1\" data-element_type=\"container\" data-e-type=\"container\">\n\t\t\t\t<div class=\"elementor-element elementor-element-6f09a099 elementor-widget__width-initial elementor-widget-tablet__width-initial elementor-widget elementor-widget-text-editor\" data-id=\"6f09a099\" data-element_type=\"widget\" data-e-type=\"widget\" data-widget_type=\"text-editor.default\">\n\t\t\t\t\t\t\t\t\t<p>International f\u00fcr ihre Rolle als K\u00f6nigin der Nacht in Mozarts \u201eDie Zauberfl\u00f6te\u201c, wird die Koloratursopranistin Darlene Ann Dobisch in Deutschland und im Ausland gefeiert. Mit Auszeichnungen hat sie ihr Studium an der Clark University, der University of Michigan, und an der Musikhochschule in L\u00fcbeck erfolgreich absolviert. Zu ihren Mentoren geh\u00f6ren Phyllis Curtin, Maria Ferrante (Sch\u00fclerin von Loretta Corelli), Martha Sheil (Sch\u00fclerin von Margaret Harshaw), Judith Beckmann, James Wagner, Martin Katz, Shirley Verret und Seiji Ozawa. Sie gewann den Robert P. Manero Preis f\u00fcr herausragende Musiker, war Finalistin f\u00fcr den Rolf Mares Preis in Hamburg und wurde mit zahlreichen Stipendien gef\u00f6rdert.<\/p>\t\t\t\t\t\t\t\t<\/div>\n\t\t\t\t<\/div>\n\t\t<div class=\"elementor-element elementor-element-466a3146 e-con-full e-flex e-con e-child\" data-id=\"466a3146\" data-element_type=\"container\" data-e-type=\"container\">\n\t\t\t\t<div class=\"elementor-element elementor-element-69e7cad1 animated-slow elementor-widget elementor-widget-image\" data-id=\"69e7cad1\" data-element_type=\"widget\" data-e-type=\"widget\" data-settings=\"{&quot;_animation&quot;:&quot;none&quot;}\" data-widget_type=\"image.default\">\n\t\t\t\t\t\t\t\t\t\t\t\t\t\t\t<img fetchpriority=\"high\" decoding=\"async\" width=\"800\" height=\"554\" src=\"https:\/\/darleneanndobisch.com\/wp-content\/uploads\/2025\/11\/gepraech-1024x709.jpg\" class=\"attachment-large size-large wp-image-496\" alt=\"\" srcset=\"https:\/\/darleneanndobisch.com\/wp-content\/uploads\/2025\/11\/gepraech-1024x709.jpg 1024w, https:\/\/darleneanndobisch.com\/wp-content\/uploads\/2025\/11\/gepraech-300x208.jpg 300w, https:\/\/darleneanndobisch.com\/wp-content\/uploads\/2025\/11\/gepraech-768x532.jpg 768w, https:\/\/darleneanndobisch.com\/wp-content\/uploads\/2025\/11\/gepraech.jpg 1444w\" sizes=\"(max-width: 800px) 100vw, 800px\" \/>\t\t\t\t\t\t\t\t\t\t\t\t\t\t\t<\/div>\n\t\t\t\t<\/div>\n\t\t\t\t\t<\/div>\n\t\t\t\t<\/div>\n\t\t<div class=\"elementor-element elementor-element-7565506f e-flex e-con-boxed e-con e-parent\" data-id=\"7565506f\" data-element_type=\"container\" data-e-type=\"container\" data-settings=\"{&quot;background_background&quot;:&quot;classic&quot;}\">\n\t\t\t\t\t<div class=\"e-con-inner\">\n\t\t\t\t<div class=\"elementor-element elementor-element-47b294ed elementor-widget elementor-widget-text-editor\" data-id=\"47b294ed\" data-element_type=\"widget\" data-e-type=\"widget\" data-widget_type=\"text-editor.default\">\n\t\t\t\t\t\t\t\t\t<p>Engagements f\u00fchrte Frau Dobisch zum NDR Chor und zur Solistenensemble als Soubrette im Landestheater Neustrelitz. Am Opernloft Hamburg hat sie mehrere Rollen im Koloraturfach, wie die Olympia in Offenbachs <em>&#8222;Hoffmanns Erz\u00e4hlungen&#8220;<\/em> oder die Violetta in Verdis <em>&#8222;La Traviata&#8220;, <\/em>gesungen. Als K\u00f6nigin der Nacht in verschiedenen internationalen Produktionen war sie mittlerweile mehr als 250 Mal zu h\u00f6ren.<\/p>\t\t\t\t\t\t\t\t<\/div>\n\t\t\t\t\t<\/div>\n\t\t\t\t<\/div>\n\t\t<div class=\"elementor-element elementor-element-25f90385 ub-section e-flex e-con-boxed e-con e-parent\" data-id=\"25f90385\" data-element_type=\"container\" data-e-type=\"container\">\n\t\t\t\t\t<div class=\"e-con-inner\">\n\t\t<div class=\"elementor-element elementor-element-2d551c7e e-con-full e-flex e-con e-child\" data-id=\"2d551c7e\" data-element_type=\"container\" data-e-type=\"container\">\n\t\t\t\t<div class=\"elementor-element elementor-element-15b874c6 elementor-widget elementor-widget-image\" data-id=\"15b874c6\" data-element_type=\"widget\" data-e-type=\"widget\" data-widget_type=\"image.default\">\n\t\t\t\t\t\t\t\t\t\t\t\t\t\t\t<img decoding=\"async\" src=\"https:\/\/darleneanndobisch.com\/wp-content\/uploads\/2025\/11\/placeholder-8.png\" title=\"\" alt=\"\" loading=\"lazy\" \/>\t\t\t\t\t\t\t\t\t\t\t\t\t\t\t<\/div>\n\t\t\t\t<div class=\"elementor-element elementor-element-9461f4d elementor-widget elementor-widget-image\" data-id=\"9461f4d\" data-element_type=\"widget\" data-e-type=\"widget\" data-widget_type=\"image.default\">\n\t\t\t\t\t\t\t\t\t\t\t\t\t\t\t<img decoding=\"async\" width=\"709\" height=\"1024\" src=\"https:\/\/darleneanndobisch.com\/wp-content\/uploads\/2025\/11\/Saengerkrieg_5-709x1024.jpg\" class=\"attachment-large size-large wp-image-489\" alt=\"\" srcset=\"https:\/\/darleneanndobisch.com\/wp-content\/uploads\/2025\/11\/Saengerkrieg_5-709x1024.jpg 709w, https:\/\/darleneanndobisch.com\/wp-content\/uploads\/2025\/11\/Saengerkrieg_5-208x300.jpg 208w, https:\/\/darleneanndobisch.com\/wp-content\/uploads\/2025\/11\/Saengerkrieg_5-768x1109.jpg 768w, https:\/\/darleneanndobisch.com\/wp-content\/uploads\/2025\/11\/Saengerkrieg_5.jpg 1000w\" sizes=\"(max-width: 709px) 100vw, 709px\" \/>\t\t\t\t\t\t\t\t\t\t\t\t\t\t\t<\/div>\n\t\t\t\t<div class=\"elementor-element elementor-element-6ea00e9f elementor-widget__width-initial elementor-widget elementor-widget-text-editor\" data-id=\"6ea00e9f\" data-element_type=\"widget\" data-e-type=\"widget\" data-widget_type=\"text-editor.default\">\n\t\t\t\t\t\t\t\t\t<p>Durch die lange und produktive Zusammenarbeit mit dem Berliner Dirigenten, Pianisten, und Regisseur Christoph Hagel, hat Frau Dobisch klassische Partien in den hochmodern gestalteten Produktionen <em>Breakin\u2019 Mozart\u201d,<\/em> mit der DDC Break Dance Company, und <em>&#8222;Zauberfl\u00f6te Reloaded&#8220;<\/em> mit den Berliner Symphonikern gesungen.<\/p><p>Ms. Dobisch has enjoyed a particularly long and productive collaboration with Berlin Conductor, Pianist, and Stage Director, Christoph Hagel and the Berlin Symphony Orchestra. Under his direction, she has sung the Queen of the Night in The Magic Flute in the Subway, Genio in Haydn\u2019s \u201cOrpheus and Euridice,\u201d the Countess in \u201cThe Marriage of Figaro,\u201d and the soprano solos in staged versions of  Haydn\u2019s \u201cThe Creation,\u201d and Bach\u2019s \u201cSt. John Passion,\u201d in the Berlin Cathedral. Their latest collaboration, \u201cMagic Flute Reloaded\u201d has featured performances in Bayreuth and Munich, and is currently on tour in Europe.<\/p><p>In Berlin wirkte sie mit Herrn Hagel in der international gefeierten <em>&#8222;Zauberfl\u00f6te in der U-Bahn&#8220;<\/em>, als Gr\u00e4fin in Mozarts, <em>&#8222;Figaros Hochzeit&#8220;<\/em>, als Genio in Haydns<em> &#8222;Orpheus und Euridike&#8220; <\/em>und als Solistin in den von Hagel inszenierten Oratorium Werken<em> &#8222;Die Johannispassion&#8220; <\/em>von Bach und<em> &#8222;Die Sch\u00f6pfung&#8220; <\/em>von Haydn.<\/p>\t\t\t\t\t\t\t\t<\/div>\n\t\t\t\t<\/div>\n\t\t\t\t\t<\/div>\n\t\t\t\t<\/div>\n\t\t<div class=\"elementor-element elementor-element-288d868 e-flex e-con-boxed e-con e-parent\" data-id=\"288d868\" data-element_type=\"container\" data-e-type=\"container\" data-settings=\"{&quot;background_background&quot;:&quot;classic&quot;}\">\n\t\t\t\t\t<div class=\"e-con-inner\">\n\t\t\t\t<div class=\"elementor-element elementor-element-5398120 elementor-widget elementor-widget-text-editor\" data-id=\"5398120\" data-element_type=\"widget\" data-e-type=\"widget\" data-widget_type=\"text-editor.default\">\n\t\t\t\t\t\t\t\t\t<p>\u00a0<em>\u201eZauberfl\u00f6te Reloaded<\/em>\u201c und <em>\u201eBreakin\u2018 Mozart\u201c<\/em> sind aktuell Europaweit auf Tournee.<\/p><p>An impassioned vocal pedagogue, Darlene Ann Dobisch is a lecturer for vocal pedagogy and voice at the Johannes-Brahms-Conservatory in Hamburg, Germany and conducts master classes and workshops internationally.<\/p>\t\t\t\t\t\t\t\t<\/div>\n\t\t\t\t<div class=\"elementor-element elementor-element-ede36ec elementor-widget elementor-widget-spacer\" data-id=\"ede36ec\" data-element_type=\"widget\" data-e-type=\"widget\" data-widget_type=\"spacer.default\">\n\t\t\t\t\t\t\t<div class=\"elementor-spacer\">\n\t\t\t<div class=\"elementor-spacer-inner\"><\/div>\n\t\t<\/div>\n\t\t\t\t\t\t<\/div>\n\t\t\t\t\t<\/div>\n\t\t\t\t<\/div>\n\t\t<div class=\"elementor-element elementor-element-4fe7c6af e-con-full ub-anfrage-banner e-flex e-con e-parent\" data-id=\"4fe7c6af\" data-element_type=\"container\" data-e-type=\"container\" data-settings=\"{&quot;background_background&quot;:&quot;classic&quot;}\">\n\t\t<div class=\"elementor-element elementor-element-7f2a9b8f e-con-full e-flex e-con e-child\" data-id=\"7f2a9b8f\" data-element_type=\"container\" data-e-type=\"container\">\n\t\t\t\t<div class=\"elementor-element elementor-element-1595bac1 elementor-widget elementor-widget-text-editor\" data-id=\"1595bac1\" data-element_type=\"widget\" data-e-type=\"widget\" data-widget_type=\"text-editor.default\">\n\t\t\t\t\t\t\t\t\t<p>Hier ist Platz f\u00fcr Angebote oder Hinweise, die zum Kontakt hinweisen<\/p>\t\t\t\t\t\t\t\t<\/div>\n\t\t\t\t<div class=\"elementor-element elementor-element-2847ca45 elementor-align-center elementor-widget elementor-widget-button\" data-id=\"2847ca45\" data-element_type=\"widget\" data-e-type=\"widget\" data-widget_type=\"button.default\">\n\t\t\t\t\t\t\t\t\t\t<a class=\"elementor-button elementor-button-link elementor-size-sm\" href=\"\/en\/kontakt\/\">\n\t\t\t\t\t\t<span class=\"elementor-button-content-wrapper\">\n\t\t\t\t\t\t\t\t\t<span class=\"elementor-button-text\">zur Anfrage<\/span>\n\t\t\t\t\t<\/span>\n\t\t\t\t\t<\/a>\n\t\t\t\t\t\t\t\t<\/div>\n\t\t\t\t<\/div>\n\t\t\t\t<\/div>\n\t\t\t\t<\/div>","protected":false},"excerpt":{"rendered":"<p>International f\u00fcr ihre Rolle als K\u00f6nigin der Nacht in Mozarts \u201eDie Zauberfl\u00f6te\u201c, wird die Koloratursopranistin Darlene Ann Dobisch in Deutschland und im Ausland gefeiert. Mit Auszeichnungen hat sie ihr Studium an der Clark University, der University of Michigan, und an der Musikhochschule in L\u00fcbeck erfolgreich absolviert. Zu ihren Mentoren geh\u00f6ren Phyllis Curtin, Maria Ferrante (Sch\u00fclerin [&hellip;]<\/p>\n","protected":false},"author":2,"featured_media":0,"parent":0,"menu_order":0,"comment_status":"closed","ping_status":"closed","template":"elementor_header_footer","meta":{"footnotes":""},"class_list":["post-770","page","type-page","status-publish","hentry"],"_links":{"self":[{"href":"https:\/\/darleneanndobisch.com\/en\/wp-json\/wp\/v2\/pages\/770","targetHints":{"allow":["GET"]}}],"collection":[{"href":"https:\/\/darleneanndobisch.com\/en\/wp-json\/wp\/v2\/pages"}],"about":[{"href":"https:\/\/darleneanndobisch.com\/en\/wp-json\/wp\/v2\/types\/page"}],"author":[{"embeddable":true,"href":"https:\/\/darleneanndobisch.com\/en\/wp-json\/wp\/v2\/users\/2"}],"replies":[{"embeddable":true,"href":"https:\/\/darleneanndobisch.com\/en\/wp-json\/wp\/v2\/comments?post=770"}],"version-history":[{"count":7,"href":"https:\/\/darleneanndobisch.com\/en\/wp-json\/wp\/v2\/pages\/770\/revisions"}],"predecessor-version":[{"id":777,"href":"https:\/\/darleneanndobisch.com\/en\/wp-json\/wp\/v2\/pages\/770\/revisions\/777"}],"wp:attachment":[{"href":"https:\/\/darleneanndobisch.com\/en\/wp-json\/wp\/v2\/media?parent=770"}],"curies":[{"name":"wp","href":"https:\/\/api.w.org\/{rel}","templated":true}]}}

<div data-elementor-type="wp-page" data-elementor-id="770" class="elementor elementor-770" data-elementor-post-type="page">
				<div class="elementor-element elementor-element-6a3e8f3 e-flex e-con-boxed e-con e-parent" data-id="6a3e8f3" data-element_type="container" data-e-type="container">
					<div class="e-con-inner">
		<div class="elementor-element elementor-element-2d1a011 e-con-full e-flex e-con e-child" data-id="2d1a011" data-element_type="container" data-e-type="container">
				<div class="elementor-element elementor-element-398801b elementor-widget elementor-widget-shortcode" data-id="398801b" data-element_type="widget" data-e-type="widget" data-widget_type="shortcode.default">
							<div class="elementor-shortcode">		<div data-elementor-type="container" data-elementor-id="214" class="elementor elementor-214" data-elementor-post-type="elementor_library">
				<div class="elementor-element elementor-element-32e890b5 e-con-full e-flex e-con e-parent" data-id="32e890b5" data-element_type="container" data-e-type="container">
				</div>
				</div>
		</div>
						</div>
				</div>
					</div>
				</div>
		<div class="elementor-element elementor-element-6f948c72 ub-section e-flex e-con-boxed e-con e-parent" data-id="6f948c72" data-element_type="container" data-e-type="container">
					<div class="e-con-inner">
		<div class="elementor-element elementor-element-f89c5e1 e-con-full e-flex e-con e-child" data-id="f89c5e1" data-element_type="container" data-e-type="container">
				<div class="elementor-element elementor-element-6f09a099 elementor-widget__width-initial elementor-widget-tablet__width-initial elementor-widget elementor-widget-text-editor" data-id="6f09a099" data-element_type="widget" data-e-type="widget" data-widget_type="text-editor.default">
									<p>International für ihre Rolle als Königin der Nacht in Mozarts „Die Zauberflöte“, wird die Koloratursopranistin Darlene Ann Dobisch in Deutschland und im Ausland gefeiert. Mit Auszeichnungen hat sie ihr Studium an der Clark University, der University of Michigan, und an der Musikhochschule in Lübeck erfolgreich absolviert. Zu ihren Mentoren gehören Phyllis Curtin, Maria Ferrante (Schülerin von Loretta Corelli), Martha Sheil (Schülerin von Margaret Harshaw), Judith Beckmann, James Wagner, Martin Katz, Shirley Verret und Seiji Ozawa. Sie gewann den Robert P. Manero Preis für herausragende Musiker, war Finalistin für den Rolf Mares Preis in Hamburg und wurde mit zahlreichen Stipendien gefördert.</p>								</div>
				</div>
		<div class="elementor-element elementor-element-466a3146 e-con-full e-flex e-con e-child" data-id="466a3146" data-element_type="container" data-e-type="container">
				<div class="elementor-element elementor-element-69e7cad1 animated-slow elementor-widget elementor-widget-image" data-id="69e7cad1" data-element_type="widget" data-e-type="widget" data-settings="{&quot;_animation&quot;:&quot;none&quot;}" data-widget_type="image.default">
															<img fetchpriority="high" decoding="async" width="800" height="554" src="https://darleneanndobisch.com/wp-content/uploads/2025/11/gepraech-1024x709.jpg" class="attachment-large size-large wp-image-496" alt="" srcset="https://darleneanndobisch.com/wp-content/uploads/2025/11/gepraech-1024x709.jpg 1024w, https://darleneanndobisch.com/wp-content/uploads/2025/11/gepraech-300x208.jpg 300w, https://darleneanndobisch.com/wp-content/uploads/2025/11/gepraech-768x532.jpg 768w, https://darleneanndobisch.com/wp-content/uploads/2025/11/gepraech.jpg 1444w" sizes="(max-width: 800px) 100vw, 800px" />															</div>
				</div>
					</div>
				</div>
		<div class="elementor-element elementor-element-7565506f e-flex e-con-boxed e-con e-parent" data-id="7565506f" data-element_type="container" data-e-type="container" data-settings="{&quot;background_background&quot;:&quot;classic&quot;}">
					<div class="e-con-inner">
				<div class="elementor-element elementor-element-47b294ed elementor-widget elementor-widget-text-editor" data-id="47b294ed" data-element_type="widget" data-e-type="widget" data-widget_type="text-editor.default">
									<p>Engagements führte Frau Dobisch zum NDR Chor und zur Solistenensemble als Soubrette im Landestheater Neustrelitz. Am Opernloft Hamburg hat sie mehrere Rollen im Koloraturfach, wie die Olympia in Offenbachs <em>&#8222;Hoffmanns Erzählungen&#8220;</em> oder die Violetta in Verdis <em>&#8222;La Traviata&#8220;, </em>gesungen. Als Königin der Nacht in verschiedenen internationalen Produktionen war sie mittlerweile mehr als 250 Mal zu hören.</p>								</div>
					</div>
				</div>
		<div class="elementor-element elementor-element-25f90385 ub-section e-flex e-con-boxed e-con e-parent" data-id="25f90385" data-element_type="container" data-e-type="container">
					<div class="e-con-inner">
		<div class="elementor-element elementor-element-2d551c7e e-con-full e-flex e-con e-child" data-id="2d551c7e" data-element_type="container" data-e-type="container">
				<div class="elementor-element elementor-element-15b874c6 elementor-widget elementor-widget-image" data-id="15b874c6" data-element_type="widget" data-e-type="widget" data-widget_type="image.default">
															<img decoding="async" src="https://darleneanndobisch.com/wp-content/uploads/2025/11/placeholder-8.png" title="" alt="" loading="lazy" />															</div>
				<div class="elementor-element elementor-element-9461f4d elementor-widget elementor-widget-image" data-id="9461f4d" data-element_type="widget" data-e-type="widget" data-widget_type="image.default">
															<img decoding="async" width="709" height="1024" src="https://darleneanndobisch.com/wp-content/uploads/2025/11/Saengerkrieg_5-709x1024.jpg" class="attachment-large size-large wp-image-489" alt="" srcset="https://darleneanndobisch.com/wp-content/uploads/2025/11/Saengerkrieg_5-709x1024.jpg 709w, https://darleneanndobisch.com/wp-content/uploads/2025/11/Saengerkrieg_5-208x300.jpg 208w, https://darleneanndobisch.com/wp-content/uploads/2025/11/Saengerkrieg_5-768x1109.jpg 768w, https://darleneanndobisch.com/wp-content/uploads/2025/11/Saengerkrieg_5.jpg 1000w" sizes="(max-width: 709px) 100vw, 709px" />															</div>
				<div class="elementor-element elementor-element-6ea00e9f elementor-widget__width-initial elementor-widget elementor-widget-text-editor" data-id="6ea00e9f" data-element_type="widget" data-e-type="widget" data-widget_type="text-editor.default">
									<p>Durch die lange und produktive Zusammenarbeit mit dem Berliner Dirigenten, Pianisten, und Regisseur Christoph Hagel, hat Frau Dobisch klassische Partien in den hochmodern gestalteten Produktionen <em>Breakin’ Mozart”,</em> mit der DDC Break Dance Company, und <em>&#8222;Zauberflöte Reloaded&#8220;</em> mit den Berliner Symphonikern gesungen.</p><p>Ms. Dobisch has enjoyed a particularly long and productive collaboration with Berlin Conductor, Pianist, and Stage Director, Christoph Hagel and the Berlin Symphony Orchestra. Under his direction, she has sung the Queen of the Night in The Magic Flute in the Subway, Genio in Haydn’s “Orpheus and Euridice,” the Countess in “The Marriage of Figaro,” and the soprano solos in staged versions of  Haydn’s “The Creation,” and Bach’s “St. John Passion,” in the Berlin Cathedral. Their latest collaboration, “Magic Flute Reloaded” has featured performances in Bayreuth and Munich, and is currently on tour in Europe.</p><p>In Berlin wirkte sie mit Herrn Hagel in der international gefeierten <em>&#8222;Zauberflöte in der U-Bahn&#8220;</em>, als Gräfin in Mozarts, <em>&#8222;Figaros Hochzeit&#8220;</em>, als Genio in Haydns<em> &#8222;Orpheus und Euridike&#8220; </em>und als Solistin in den von Hagel inszenierten Oratorium Werken<em> &#8222;Die Johannispassion&#8220; </em>von Bach und<em> &#8222;Die Schöpfung&#8220; </em>von Haydn.</p>								</div>
				</div>
					</div>
				</div>
		<div class="elementor-element elementor-element-288d868 e-flex e-con-boxed e-con e-parent" data-id="288d868" data-element_type="container" data-e-type="container" data-settings="{&quot;background_background&quot;:&quot;classic&quot;}">
					<div class="e-con-inner">
				<div class="elementor-element elementor-element-5398120 elementor-widget elementor-widget-text-editor" data-id="5398120" data-element_type="widget" data-e-type="widget" data-widget_type="text-editor.default">
									<p> <em>„Zauberflöte Reloaded</em>“ und <em>„Breakin‘ Mozart“</em> sind aktuell Europaweit auf Tournee.</p><p>An impassioned vocal pedagogue, Darlene Ann Dobisch is a lecturer for vocal pedagogy and voice at the Johannes-Brahms-Conservatory in Hamburg, Germany and conducts master classes and workshops internationally.</p>								</div>
				<div class="elementor-element elementor-element-ede36ec elementor-widget elementor-widget-spacer" data-id="ede36ec" data-element_type="widget" data-e-type="widget" data-widget_type="spacer.default">
							<div class="elementor-spacer">
			<div class="elementor-spacer-inner"></div>
		</div>
						</div>
					</div>
				</div>
		<div class="elementor-element elementor-element-4fe7c6af e-con-full ub-anfrage-banner e-flex e-con e-parent" data-id="4fe7c6af" data-element_type="container" data-e-type="container" data-settings="{&quot;background_background&quot;:&quot;classic&quot;}">
		<div class="elementor-element elementor-element-7f2a9b8f e-con-full e-flex e-con e-child" data-id="7f2a9b8f" data-element_type="container" data-e-type="container">
				<div class="elementor-element elementor-element-1595bac1 elementor-widget elementor-widget-text-editor" data-id="1595bac1" data-element_type="widget" data-e-type="widget" data-widget_type="text-editor.default">
									<p>Hier ist Platz für Angebote oder Hinweise, die zum Kontakt hinweisen</p>								</div>
				<div class="elementor-element elementor-element-2847ca45 elementor-align-center elementor-widget elementor-widget-button" data-id="2847ca45" data-element_type="widget" data-e-type="widget" data-widget_type="button.default">
										<a class="elementor-button elementor-button-link elementor-size-sm" href="/en/kontakt/">
						<span class="elementor-button-content-wrapper">
									<span class="elementor-button-text">zur Anfrage</span>
					</span>
					</a>
								</div>
				</div>
				</div>
				</div>

<p>International für ihre Rolle als Königin der Nacht in Mozarts „Die Zauberflöte“, wird die Koloratursopranistin Darlene Ann Dobisch in Deutschland und im Ausland gefeiert. Mit Auszeichnungen hat sie ihr Studium an der Clark University, der University of Michigan, und an der Musikhochschule in Lübeck erfolgreich absolviert. Zu ihren Mentoren gehören Phyllis Curtin, Maria Ferrante (Schülerin [&hellip;]</p>
